738.
42
Calculate the highest common factor of 14 and 29575.
7
What is the highest common factor of 1358 and 23474?
194
Calculate the highest common factor of 279 and 27745.
31
Calculate the highest common divisor of 149325 and 7425.
825
Calculate the greatest common factor of 53208 and 288.
72
Calculate the greatest common divisor of 228142 and 259.
37
Calculate the greatest common divisor of 1205 and 2599185.
1205
Calculate the greatest common factor of 2963680 and 32.
32
What is the greatest common divisor of 328 and 199588?
164
Calculate the greatest common factor of 1590 and 1397769.
159
Calculate the greatest common factor of 123 and 487367.
41
What is the highest common factor of 270 and 7290?
270
What is the greatest common factor of 132 and 120774?
6
Calculate the highest common factor of 1222 and 3744.
26
Calculate the highest common divisor of 38 and 1836806.
38
Calculate the greatest common factor of 7720 and 29529.
193
What is the greatest common divisor of 651 and 191611?
217
Calculate the greatest common factor of 641979 and 2124.
531
What is the highest common factor of 120697 and 1781?
137
Calculate the highest common factor of 11026 and 298.
298
What is the greatest common divisor of 1996619 and 118?
59
What is the highest common divisor of 264652 and 1744?
436
What is the greatest common divisor of 170 and 86615?
85
What is the greatest common factor of 160 and 29984?
32
Calculate the greatest common factor of 66 and 5018574.
66
What is the highest common divisor of 2416 and 72027?
151
Calculate the highest common factor of 2543431 and 177.
59
What is the greatest common divisor of 73646 and 322?
46
What is the greatest common divisor of 117628 and 112?
28
Calculate the greatest common factor of 3102 and 23694.
66
Calculate the highest common divisor of 506935 and 165.
55
Calculate the highest common factor of 225 and 157725.
225
What is the greatest common factor of 1016 and 30?
2
Calculate the highest common divisor of 766 and 317507.
383
What is the greatest common factor of 8 and 52292?
4
What is the highest common factor of 17175 and 5100?
75
Calculate the greatest common divisor of 4 and 19061.
1
What is the greatest common factor of 144 and 3056112?
144
Calculate the highest common factor of 188895 and 6762.
147
What is the greatest common factor of 155 and 39866?
31
What is the highest common factor of 16448 and 8512?
64
What is the highest common divisor of 3477 and 414495?
183
What is the highest common divisor of 44 and 987?
1
Calculate the greatest common divisor of 3064 and 1855252.
1532
What is the highest common divisor of 15712 and 64?
32
Calculate the greatest common divisor of 14 and 652946.
14
Calculate the greatest common factor of 334936 and 224.
56
What is the greatest common factor of 1027264 and 3136?
448
What is the highest common divisor of 1024 and 37056?
64
What is the greatest common divisor of 3473 and 604?
151
Calculate the greatest common divisor of 1512 and 23604.
84
What is the highest common factor of 9630 and 11663?
107
What is the greatest common factor of 1024110 and 1080?
270
Calculate the highest common divisor of 4010 and 16180.
10
What is the highest common divisor of 236295 and 1020?
15
Calculate the greatest common divisor of 21450 and 525.
75
What is the highest common divisor of 393 and 276803?
131
What is the greatest common divisor of 200526 and 114?
114
What is the highest common divisor of 253 and 172799?
253
Calculate the highest common factor of 92 and 282440.
92
Calculate the highest common divisor of 8282 and 707.
101
Calculate the greatest common divisor of 38190 and 456.
114
Calculate the highest common factor of 50037 and 52.
13
Calculate the greatest common divisor of 14560 and 784.
112
Calculate the greatest common divisor of 7282 and 198.
22
Calculate the greatest common divisor of 14295 and 15.
15
Calculate the greatest common divisor of 237880 and 152.
152
What is the greatest common divisor of 752464 and 23056?
2096
What is the highest common divisor of 2516 and 153?
17
Calculate the greatest common divisor of 6004 and 65728.
316
What is the greatest common factor of 5220 and 816?
12
What is the greatest common factor of 123966 and 679?
97
What is the highest common factor of 427 and 241011?
61
What is the highest common factor of 19827 and 9?
9
Calculate the highest common divisor of 53105 and 380.
95
What is the highest common divisor of 3150 and 631512?
126
What is the highest common factor of 5330 and 53710?
410
Calculate the greatest common divisor of 23323 and 2529.
281
Calculate the highest common divisor of 60 and 411612.
12
Calculate the highest common divisor of 6411177 and 54.
27
What is the greatest common divisor of 2283 and 1226732?
761
Calculate the greatest common divisor of 1270 and 11630.
10
Calculate the greatest common factor of 1040 and 112814.
26
Calculate the highest common factor of 2489503 and 113.
113
What is the greatest common factor of 13014 and 12258?
54
What is the highest common factor of 166 and 94205?
83
What is the highest common factor of 1518 and 15675?
33
What is the highest common divisor of 1734 and 4913?
289
Calculate the greatest common divisor of 61376 and 8.
8
Calculate the highest common divisor of 41132 and 91.
91
What is the greatest common factor of 44116 and 5248?
164
What is the highest common factor of 1733139 and 9?
9
Calculate the highest common factor of 4535336 and 208.
104
Calculate the highest common divisor of 490 and 66360.
70
What is the highest common divisor of 3474 and 60602?
386
What is the highest common factor of 132273 and 432?
27
What is the greatest common divisor of 225 and 13005?
45
What is the greatest common factor of 12467 and 217?
7
Calculate the greatest common factor of 4884 and 16500.
132
What is the highest common factor of 540 and 90900?
180
What is the highest common divisor of 126 and 169365?
21
Calculate the highest common divisor of 48 and 1146864.
48
What is the highest common factor of 17654 and 2002?
182
Calculate the greatest common divisor of 106819 and 37.
37
Calculate the highest common factor of 264 and 3048.
24
Calculate the greatest common divisor of 17314 and 77.
11
What is the greatest common divisor of 16 and 162248?
8
What is the greatest common factor of 77 and 354849?
11
What is the highest common divisor of 1396089 and 261?
261
What is the greatest common divisor of 22 and 19910242?
22
Calculate the greatest common factor of 40204 and 253.
23
Calculate the greatest common divisor of 700370 and 22.
22
What is the highest common factor of 54 and 11745?
27
Calculate the highest common divisor of 41 and 35219.
41
Calculate the highest common divisor of 2 and 1887646.
2
What is the highest common factor of 1528 and 11854988?
764
Calculate the greatest common factor of 455 and 54.
1
What is the highest common divisor of 554492 and 3484?
268
Calculate the greatest common factor of 4102185 and 765.
255
What is the highest common factor of 1778 and 15748?
254
What is the highest common factor of 25281 and 4770?
477
What is the greatest common divisor of 346219 and 115?
23
What is the greatest common divisor of 764 and 107151?
191
Calculate the highest common divisor of 24 and 35752.
8
What is the highest common divisor of 13407 and 5166?
123
Calculate the highest common divisor of 156 and 136812.
156
What is the greatest common divisor of 5515065 and 135?
45
What is the greatest common factor of 1528 and 1257926?
382
What is the highest common factor of 12127 and 2896?
181
What is the greatest common divisor of 94584 and 3?
3
What is the greatest common divisor of 1704 and 13916?
284
Calculate the highest common divisor of 14685 and 1155.
165
Calculate the greatest common divisor of 278 and 332.
2
What is the greatest common factor of 90 and 22041?
9
Calculate the greatest common divisor of 918 and 107168.
34
Calculate the highest common divisor of 238998 and 183.
183
Calculate the greatest common factor of 8864 and 368.
16
What is the greatest common factor of 32485 and 1335?
445
What is the highest common divisor of 55 and 21835?
55
Calculate the greatest common factor of 1 and 18845.
1
What is the greatest common divisor of 39161 and 32?
1
What is the highest commo